True
Is 223 a prime number?
True
Is 23 a composite number?
False
Is 1574023 composite?
True
Is 27509 prime?
True
Is 13643 composite?
True
Is 2189599 prime?
True
Is 10979 prime?
True
Is 20371 prime?
False
Is 270269 a composite number?
False
Is 188837 a composite number?
True
Is 11269 a prime number?
False
Is 96593 a prime number?
False
Is 1690051 prime?
False
Is 102983 prime?
True
Is 312959 a composite number?
True
Is 132659 a prime number?
False
Is 10771 a composite number?
False
Is 43417 a composite number?
True
Is 2545271 prime?
True
Is 24545 composite?
True
Is 26603 prime?
False
Is 1580797 composite?
False
Is 10651 a prime number?
True
Is 1913621 a prime number?
False
Is 47699 a prime number?
True
Is 19661 a prime number?
True
Is 7291033 prime?
True
Is 28807 prime?
True
Is 653 a prime number?
True
Is 26233 a composite number?
True
Is 614 a composite number?
True
Is 17057 a prime number?
False
Is 122413 a composite number?
True
Is 61927 a prime number?
True
Is 309697 composite?
True
Is 16945 a prime number?
False
Is 11453 prime?
False
Is 1007 composite?
True
Is 20849 a composite number?
False
Is 58543 a composite number?
False
Is 81058 prime?
False
Is 2518 a prime number?
False
Is 347 composite?
False
Is 8219 a composite number?
False
Is 104579 composite?
False
Is 4177 a prime number?
True
Is 254365 a composite number?
True
Is 7669 a composite number?
False
Is 18697 composite?
True
Is 180731 composite?
False
Is 9649 a composite number?
False
Is 8389 a prime number?
True
Is 235889 prime?
True
Is 212233 composite?
True
Is 4508061 a composite number?
True
Is 2819 a prime number?
True
Is 17462 a composite number?
True
Is 3697 composite?
False
Is 203911 composite?
False
Is 286129 a prime number?
True
Is 116353 prime?
False
Is 96567 prime?
False
Is 212141 prime?
True
Is 37241 prime?
False
Is 5557 prime?
True
Is 884417 composite?
False
Is 54895 composite?
True
Is 85641 composite?
True
Is 777731 a composite number?
False
Is 28639 prime?
False
Is 2963 composite?
False
Is 102761 composite?
False
Is 2333 prime?
True
Is 5383 prime?
False
Is 8641 composite?
False
Is 2699 composite?
False
Is 245611 composite?
True
Is 328373 a composite number?
False
Is 23183 a composite number?
True
Is 14939 composite?
False
Is 6457 a composite number?
True
Is 16979 a composite number?
False
Is 130054 a composite number?
True
Is 644961 a prime number?
False
Is 506833 a composite number?
True
Is 882745 a composite number?
True
Is 1921 a composite number?
True
Is 320719 prime?
False
Is 1508343 composite?
True
Is 197546 composite?
True
Is 39019 a prime number?
True
Is 363463 a composite number?
False
Is 154633 composite?
True
Is 256469 prime?
True
Is 15107 a prime number?
True
Is 52433 a composite number?
False
Is 15227 prime?
True
Is 10559 composite?
False
Is 67601 a prime number?
True
Is 242861 composite?
True
Is 42589 a composite number?
False
Is 210821 prime?
False
Is 12239 a prime number?
True
Is 134909 prime?
True
Is 1090979 prime?
True
Is 629921 a prime number?
True
Is 145045 composite?
True
Is 68351 a composite number?
False
Is 11665 composite?
True
Is 2017 a composite number?
False
Is 49919 a prime number?
True
Is 24865 a prime number?
False
Is 433241 a prime number?
True
Is 42667 composite?
False
Is 1363 composite?
True
Is 69769 composite?
True
Is 56983 composite?
False
Is 602606 prime?
False
Is 568621 composite?
True
Is 30679 a composite number?
True
Is 1185685 prime?
False
Is 1130497 composite?
False
Is 70769 prime?
True
Is 479 prime?
True
Is 14369 prime?
True
Is 2563 prime?
False
Is 9409 composite?
True
Is 2983 a prime number?
False
Is 59918 composite?
True
Is 14489 composite?
False
Is 180087 composite?
True
Is 157 prime?
True
Is 81001 a prime number?
True
Is 4597 a prime number?
True
Is 31817 a composite number?
False
Is 5879 a composite number?
False
Is 493313 prime?
True
Is 134998 prime?
False
Is 107161 prime?
False
Is 31 a composite number?
False
Is 17821 a composite number?
True
Is 9865 composite?
True
Is 120751 a composite number?
True
Is 3989 composite?
False
Is 96043 prime?
True
Is 8353 a prime number?
True
Is 107335 composite?
True
Is 13367 composite?
False
Is 409 composite?
False
Is 70639 prime?
True
Is 3260729 composite?
False
Is 85159 a composite number?
False
Is 355297 prime?
True
Is 1801519 prime?
False
Is 19661 a composite number?
False
Is 59791 composite?
False
Is 447943 a composite number?
False
Is 84841 a prime number?
False
Is 17601 prime?
False
Is 172693 a composite number?
True
Is 647 a composite number?
False
Is 12643 prime?
False
Is 291979 a prime number?
True
Is 132343 composite?
True
Is 515 composite?
True
Is 152119 a composite number?
True
Is 37685 prime?
False
Is 508789 a composite number?
False
Is 2333 prime?
True
Is 11183 a composite number?
True
Is 222559 a composite number?
True
Is 3831 composite?
True
Is 1441 a prime number?
False
Is 13553 a prime number?
True
Is 69647 a prime number?
False
Is 1439 a composite number?
False
Is 635 composite?
True
Is 16921 a composite number?
False
Is 4685 a prime number?
False
Is 9491 a composite number?
False
Is 6227 prime?
False
Is 21241 a prime number?
False
Is 49249 a composite number?
True
Is 544151 prime?
False
Is 76181 composite?
True
Is 15101 composite?
False
Is 310459 composite?
False
Is 146141 a prime number?
True
Is 87833 a prime number?
True
Is 22535 prime?
False
Is 4871 composite?
False
Is 28643 a prime number?
True
Is 16999 composite?
True
Is 189223 composite?
False
Is 4849 a prime number?
False
Is 227789 a composite number?
False
Is 59429 prime?
False
Is 28789 a prime number?
True
Is 33893 a prime number?
True
Is 47783 a composite number?
True
Is 36717 a prime number?
False
Is 3069319 composite?
True
Is 48643 a composite number?
True
Is 7103 composite?
False
Is 23839 a composite number?
True
Is 4193 a composite number?
True
Is 20369 a prime number?
True
Is 1214 a composite number?
True
Is 56081 composite?
False
Is 2857 composite?
False
Is 98663 a prime number?
True
Is 29395 composite?
True
Is 161183 a composite number?
True
Is 1262617 composite?
False
Is 12349 composite?
True
Is 1081 composite?
True
Is 5323 prime?
True
Is 7763 prime?
False
Is 225731 composite?
True
Is 19385 prime?
False
Is 4471 a composite number?
True
Is 136702 a prime number?
False
Is 1412287 composite?
False
Is 6469 composite?
False
Is 32647 composite?
False
Is 19079 prime?
True
Is 1049 prime?
True
Is 9489 prime?
False
Is 248117 composite?
False
Is 1597 composite?
False
Is 8461 composite?
False
Is 605443 prime?
True
Is 123073 a prime number?
False
Is 223667 a composite number?
False
Is 33823 composite?
True
Is 83705 a prime number?
False
Is 1087 a prime number?
True
Is 2999 prime?
True
Is 45007 a composite number?
False
Is 742831 a composite number?
True
Is 317189 prime?
True
Is 887 prime?
True
Is 9602 prime?
False
Is 45089 a composite number?
True
Is 18539 a prime number?
True
Is 6599 a composite number?
False
Is 511 prime?
False
Is 123001 a composite number?
False
Is 71515 a composite number?
True
Is 23707 prime?
False
Is 5199 prime?
False
Is 46387 composite?
True
Is 20353 prime?
True
Is 1117019 a composite number?
True
Is 96769 a composite number?
False
Is 1370977 prime?
True
Is 1713881 a prime number?
False
Is 1824743 a prime number?
True
Is 531931 prime?
False
Is 44015 composite?
True
Is 279071 a composite number?
True
Is 43133 a prime number?
True
Is 301541 prime?
False
Is 148349 a prime number?
False
Is 119414 prime?
False
Is 17707 a prime number?
True
Is 99697 composite?
True
Is 483841 composite?
True
Is 560383 a composite number?
True
Is 305 a prime number?
False
Is 17249 a prime number?
False
Is 5003 composite?
False
Is 8781 a composite number?
True
Is 3103 prime?
False
Is 1811 a prime number?
True
Is 2049686 a prime number?
False
Is 21446 prime?
False
Is 28789 composite?
False
Is 100105 a prime number?
False
Is 10427 prime?
True
Is 6353 a composite number?
False
Is 7541 a composite number?
False
Is 22679 prime?
True
Is 673 composite?
False
Is 374939 prime?
True
Is 6761 composite?
False
Is 28421 a composite number?
True
Is 386177 a composite number?
True
Is 553867 composite?
False
Is 74833 prime?
False
Is 11429 prime?
False
Is 6197 composite?
False
Is 99087 composite?
True
Is 2767 a prime number?
T